887545 prime?
False
Is 3182207243 prime?
True
Is 17118050315 a composite number?
True
Is 11581085921 a prime number?
False
Is 5216644859 a composite number?
False
Is 1701005279 composite?
False
Is 37458760289 a composite number?
False
Is 790841179189 composite?
False
Is 168920680547 prime?
True
Is 16614326507 a prime number?
False
Is 639748009 a prime number?
True
Is 217766765 a composite number?
True
Is 13646643779 a prime number?
False
Is 2063796349 prime?
True
Is 628347647 prime?
True
Is 49419199807 a prime number?
False
Is 2111715601 a composite number?
True
Is 817394467 a prime number?
True
Is 5051063609 prime?
True
Is 1613894927 a composite number?
True
Is 11885650837 a composite number?
True
Is 856794251 a prime number?
True
Is 3468689957 a composite number?
False
Is 51114421183 a prime number?
False
Is 551759459 a composite number?
True
Is 1152797749 a prime number?
False
Is 42595875533 a prime number?
False
Is 1124385689 prime?
False
Is 1158721015 prime?
False
Is 8438995921 a composite number?
True
Is 4974288863 a prime number?
False
Is 179501813 a prime number?
False
Is 40896508997 a prime number?
False
Is 8057231453 a prime number?
False
Is 1666348633 a prime number?
True
Is 3455019149 prime?
True
Is 43586089 a prime number?
True
Is 403381123 prime?
True
Is 1104242693 composite?
True
Is 9774471305 composite?
True
Is 23028552593 a composite number?
True
Is 16377784145 a composite number?
True
Is 2706016639 a prime number?
True
Is 5950551913 a composite number?
False
Is 63576902497 a composite number?
True
Is 32484733073 composite?
True
Is 621423034 a composite number?
True
Is 5907222973 prime?
False
Is 40772856893 a prime number?
True
Is 4790285329 prime?
True
Is 24280918889 prime?
True
Is 203859233903 a composite number?
True
Is 153938179 a composite number?
True
Is 588714163 a composite number?
False
Is 8357937529 a composite number?
False
Is 16359645439 composite?
False
Is 56072212819 a composite number?
True
Is 18225159199 prime?
False
Is 9971341841 composite?
True
Is 8552933531 prime?
True
Is 107619585553 composite?
False
Is 1495357697 a prime number?
True
Is 4271081057 prime?
True
Is 37346423 a composite number?
False
Is 37389068179 a composite number?
False
Is 143276911 composite?
True
Is 46475041351 prime?
True
Is 1452427381 prime?
True
Is 2727842989 a prime number?
True
Is 53482794863 a composite number?
True
Is 92410707362 a composite number?
True
Is 8673073 a prime number?
True
Is 5792460187 a composite number?
False
Is 210536593 prime?
False
Is 1655074373 prime?
True
Is 551980967 a composite number?
False
Is 20987084963 prime?
False
Is 1391121359 a composite number?
True
Is 138394410541 composite?
False
Is 2845980691 prime?
False
Is 28787972177 composite?
False
Is 1564454533 prime?
True
Is 40271116066 a composite number?
True
Is 1054992871 composite?
False
Is 1835081747 a composite number?
True
Is 4904758427 a composite number?
False
Is 513780563 composite?
False
Is 732348473 a prime number?
False
Is 2082859267 a prime number?
True
Is 1977564161 a composite number?
True
Is 1898670693 a composite number?
True
Is 1487875267 a composite number?
True
Is 1187261731 a composite number?
False
Is 2050882789 prime?
False
Is 20362009033 prime?
True
Is 112719071 prime?
False
Is 7690517561 composite?
False
Is 150394310929 composite?
False
Is 15864576763 a composite number?
True
Is 4706618713 a composite number?
True
Is 1569601769 a prime number?
True
Is 18571809881 a prime number?
True
Is 3431373619 composite?
True
Is 15793528687 composite?
True
Is 84566861 composite?
True
Is 828371827 a prime number?
True
Is 2695783667 composite?
True
Is 1387198849 composite?
True
Is 738092039 a composite number?
True
Is 4211214887 prime?
False
Is 9956036851 a prime number?
False
Is 5804001241 prime?
True
Is 12343017619 composite?
True
Is 536476903 prime?
False
Is 655307339 prime?
True
Is 1086682418 prime?
False
Is 491239447 a prime number?
True
Is 24353245207 a composite number?
False
Is 706294009 prime?
False
Is 7296578657 a prime number?
True
Is 548367701 composite?
True
Is 23068886837 composite?
False
Is 135386647889 prime?
False
Is 1235959927 a composite number?
True
Is 17661421963 a composite number?
False
Is 7857417943 a prime number?
False
Is 2761515541 a composite number?
False
Is 260663679293 a prime number?
True
Is 71221283597 prime?
False
Is 5341864741 composite?
False
Is 16271019637 a prime number?
True
Is 5123904259 a composite number?
False
Is 9804698047 composite?
False
Is 3288079877 a prime number?
True
Is 2108091549 composite?
True
Is 1210203821 composite?
False
Is 33034456963 a prime number?
True
Is 17567157019 prime?
False
Is 65448458333 a prime number?
True
Is 50099378821 a prime number?
True
Is 122149316417 composite?
False
Is 4821025039 composite?
False
Is 15091695841 composite?
True
Is 708145742 composite?
True
Is 329335129 a composite number?
False
Is 1644010943 prime?
True
Is 63104989 a composite number?
False
Is 7644353539 composite?
False
Is 271036907 prime?
False
Is 17760651067 a composite number?
True
Is 734396851 a prime number?
False
Is 1157690291 prime?
True
Is 1535863973 composite?
True
Is 94053181 a composite number?
True
Is 4582628669 prime?
True
Is 10635222683 a prime number?
True
Is 1189561873 a prime number?
True
Is 1765810507 a composite number?
True
Is 54586045 a prime number?
False
Is 20173631873 composite?
True
Is 246457669 composite?
False
Is 127696955219 prime?
False
Is 6192630071 composite?
True
Is 6040778551 a composite number?
True
Is 720690287 composite?
False
Is 57150090859 a prime number?
True
Is 14767315415 a composite number?
True
Is 1877379433 a composite number?
False
Is 53287386611 composite?
False
Is 297512119 composite?
False
Is 9873398401 prime?
False
Is 9414939089 a prime number?
True
Is 1427204509 composite?
True
Is 703877771 a prime number?
False
Is 4082398765 composite?
True
Is 3033874477 a composite number?
False
Is 14989682023 a composite number?
True
Is 133094453 a prime number?
False
Is 638885451 a composite number?
True
Is 4218162643 composite?
False
Is 25604509981 prime?
False
Is 8104853461 composite?
False
Is 7009329643 a composite number?
True
Is 227465521 a prime number?
True
Is 20235692837 composite?
False
Is 4990652977 composite?
True
Is 407096497 composite?
False
Is 83891906489 a composite number?
False
Is 10139463569 a prime number?
True
Is 627291601 a prime number?
True
Is 1648819433 prime?
True
Is 1477789645 prime?
False
Is 2870948519 a composite number?
False
Is 72566213 a composite number?
True
Is 860682757 a composite number?
True
Is 17214654571 prime?
False
Is 52404126427 a prime number?
True
Is 103067350369 a prime number?
True
Is 118580699 a composite number?
False
Is 284334803 composite?
False
Is 313156669907 prime?
True
Is 9531093511 composite?
False
Is 91933907189 prime?
True
Is 35248141 a composite number?
True
Is 49399337521 a composite number?
False
Is 11508976763 prime?
True
Is 20181814267 a composite number?
True
Is 15973817 a composite number?
False
Is 9868082009 a composite number?
False
Is 2215455478 composite?
True
Is 25590427211 composite?
False
Is 186685901 prime?
True
Is 31269969869 prime?
True
Is 132458533 composite?
True
Is 484911397 a composite number?
False
Is 52098040459 a composite number?
False
Is 15199734497 prime?
False
Is 2546008319 a prime number?
True
Is 559775551 prime?
True
Is 9151009297 a prime number?
True
Is 3812933413 composite?
True
Is 9364599679 a prime number?
False
Is 65960316181 prime?
True
Is 14155052207 a composite number?
True
Is 34370972717 prime?
True
Is 3654400921 composite?
False
Is 401462455 a prime number?
False
Is 10200855079 composite?
True
Is 737641031 prime?
True
Is 22827398983 a composite number?
True
Is 4542836657 composite?
False
Is 2483406031 a composite number?
False
Is 1102410131 a prime number?
False
Is 42788796023 a prime number?
True
Is 1104712919 a prime number?
True
Is 22480134321 a prime number?
False
Is 9473858531 composite?
False
Is 114439346207 a composite number?
False
Is 338053741 a prime number?
True
Is 25912303 composite?
False
Is 11907629441 a prime number?
False
Is 3449154535 prime?
False
Is 3612260053 a prime number?
True
Is 2377262749 composite?
True
Is 1783903493 prime?
True
Is 3422665489